 the prime factors of 2018299501.
6247, 323083
What are the prime factors of 3019701?
3, 71, 14177
List the prime factors of 19189673.
19189673
What are the prime factors of 62450182?
2, 31, 197, 5113
List the prime factors of 16835763.
3, 7, 17, 6737
What are the prime factors of 39108477?
3, 149, 87491
What are the prime factors of 4179816074?
2, 7, 37, 8069143
What are the prime factors of 108957352?
2, 7, 17, 114451
List the prime factors of 2089236120.
2, 3, 5, 439, 39659
What are the prime factors of 53049043?
127, 617, 677
What are the prime factors of 61974372?
2, 3, 73, 263, 269
What are the prime factors of 152482118?
2, 31, 2459389
List the prime factors of 58982240.
2, 5, 43, 8573
What are the prime factors of 2278957702?
2, 7, 557, 292249
List the prime factors of 3767051786.
2, 47, 211, 189929
List the prime factors of 15773381.
13, 89, 13633
List the prime factors of 89432438.
2, 3491, 12809
List the prime factors of 745495325.
5, 29819813
What are the prime factors of 614293160?
2, 5, 13, 41, 28813
What are the prime factors of 215285775?
3, 5, 61, 47057
List the prime factors of 4384547553.
3, 1461515851
What are the prime factors of 2890396084?
2, 71, 1801, 5651
What are the prime factors of 59543451?
3, 11, 200483
What are the prime factors of 524857389?
3, 7, 83, 301123
List the prime factors of 2412953045.
5, 31, 15567439
List the prime factors of 120711543.
3, 17, 29, 4801
What are the prime factors of 25520583?
3, 11, 193, 4007
What are the prime factors of 340830368?
2, 31, 343579
List the prime factors of 41254737.
3, 13751579
List the prime factors of 2889221246.
2, 2857, 505639
List the prime factors of 187513439.
1637, 114547
List the prime factors of 46311717.
3, 15437239
What are the prime factors of 138470004?
2, 3, 3846389
List the prime factors of 25713448.
2, 23, 139747
List the prime factors of 54352571.
7, 13, 127, 4703
List the prime factors of 682413703.
23, 29, 44483
What are the prime factors of 231018160?
2, 5, 47, 61441
What are the prime factors of 54465471?
3, 239, 25321
What are the prime factors of 160542662?
2, 7, 17, 653, 1033
List the prime factors of 26305429.
71, 163, 2273
List the prime factors of 48048224.
2, 7, 30643
List the prime factors of 3644760546.
2, 3, 7, 1193, 24247
List the prime factors of 749741952.
2, 3, 37, 52769
What are the prime factors of 133826417?
1013, 132109
What are the prime factors of 139836292?
2, 34959073
What are the prime factors of 15537667?
15537667
What are the prime factors of 1254935920?
2, 5, 7, 17, 61, 2161
List the prime factors of 37245378.
2, 3, 2273, 2731
List the prime factors of 2591475456.
2, 3, 3374317
What are the prime factors of 74636771?
11, 23, 295007
List the prime factors of 78787685.
5, 15757537
List the prime factors of 4388488715.
5, 13, 17, 3971483
List the prime factors of 1789702132.
2, 17, 151, 174299
List the prime factors of 300944905.
5, 67, 929, 967
What are the prime factors of 3820249839?
3, 7, 19, 523, 18307
What are the prime factors of 4022101247?
17, 12979, 18229
List the prime factors of 57032386.
2, 29, 983317
What are the prime factors of 125218370?
2, 5, 12521837
What are the prime factors of 121959533?
121959533
List the prime factors of 52914496.
2, 107, 7727
What are the prime factors of 113941591?
557, 204563
List the prime factors of 2960481545.
5, 7, 6883, 12289
List the prime factors of 823388437.
859, 958543
List the prime factors of 525995126.
2, 19, 13841977
List the prime factors of 1498897356.
2, 3, 11, 11355283
List the prime factors of 2324236399.
2324236399
What are the prime factors of 732489301?
179, 22861
List the prime factors of 677038752.
2, 3, 13, 67, 2699
List the prime factors of 101179122.
2, 3, 11, 127, 12071
What are the prime factors of 129423726?
2, 3, 83, 86629
List the prime factors of 21367116.
2, 3, 593531
List the prime factors of 1461649094.
2, 241, 3032467
What are the prime factors of 2502306314?
2, 641, 709, 2753
List the prime factors of 2661776989.
17, 9210301
List the prime factors of 59345559.
3, 7, 13, 72461
What are the prime factors of 360961019?
360961019
List the prime factors of 473679808.
2, 7, 211, 5011
List the prime factors of 492747134.
2, 11, 22397597
What are the prime factors of 190985830?
2, 5, 7, 55681
What are the prime factors of 31896436?
2, 11, 13, 55763
What are the prime factors of 146672831?
146672831
What are the prime factors of 124995880?
2, 5, 41, 199, 383
List the prime factors of 21271286.
2, 179, 59417
What are the prime factors of 29989911?
3, 7, 204013
List the prime factors of 3731552322.
2, 3, 29, 739507
List the prime factors of 64103855.
5, 17, 73, 10331
What are the prime factors of 81036447?
3, 27012149
List the prime factors of 272146506.
2, 3, 17, 2668103
List the prime factors of 1071292731.
3, 41, 8709697
What are the prime factors of 71009377?
149, 181, 2633
List the prime factors of 1503435012.
2, 3, 125286251
List the prime factors of 2147978.
2, 7, 153427
List the prime factors of 115465609.
7, 223, 10567
List the prime factors of 107466599.
139, 223, 3467
What are the prime factors of 1287051672?
2, 3, 53627153
What are the prime factors of 8908872714?
2, 3, 7, 53, 25171
What are the prime factors of 23862506?
2, 43, 293, 947
List the prime factors of 22617064.
2, 37, 109, 701
List the prime factors of 138322204.
2, 19, 95791
What are the prime factors of 93652140?
2, 3, 5, 19, 113, 727
What are the prime factors of 418005439?
418005439
List the prime factors of 39915909.
3, 11, 109, 137
What are the prime factors of 769386998?
2, 773, 497663
What are the prime factors of 6224945293?
7, 889277899
What are the prime factors of 67771068?
2, 3, 5647589
List the prime factors of 452021756.
2, 113005439
What are the prime factors of 8363432?
2, 7, 11, 13577
List the prime factors of 667338642.
2, 3, 12358123
List the prime factors of 264636455.
5, 29, 1825079
List the prime factors of 1476984735.
3, 5, 17, 229, 8431
What are the prime factors of 9285811?
9285811
List the prime factors of 1894784201.
31, 181, 337691
What are the prime factors of 2195795362?
2, 79, 89, 156151
List the prime factors of 6012873.
3, 19, 3907
List the prime factors of 39078877.
19, 139, 14797
List the prime factors of 60419375.
5, 96671
What are the prime factors of 59258771?
11, 13, 414397
What are the prime factors of 74780047?
74780047
List the prime factors of 2419163.
23, 107, 983
List the prime factors of 1416730.
2, 5, 7, 37, 547
What are the prime factors of 52678631?
17, 182279
List the prime factors of 1264338775.
5, 7, 47, 153719
List the prime factors of 18924443.
29, 652567
What are the prime factors of 148566516?
2, 3, 7, 883, 2003
List the prime factors of 44649674.
2, 22324837
List the prime factors of 32598426.
2, 3, 7, 110879
What are the prime factors of 33368749?
2281, 14629
What are the prime factors of 88438057?
43, 67, 30697
List the prime factors of 4300826672.
2, 23, 29, 403001
What are the prime factors of 385844522?
2, 7, 41, 109, 881
List the prime factors of 796271288.
2, 7919, 12569
List the prime factors of 22125244.
2, 5531311
What are the prime factors of 957970549?
15877, 60337
What are the prime factors of 839624141?
1487, 564643
What are the prime factors of 134519830?
2, 5, 53, 253811
List the prime factors of 3033308095.
5, 79, 137, 56053
What are the prime factors of 756272735?
5, 3433, 44059
What are the prime factors of 3648580?
2, 5, 13, 14033
List the prime factors of 1763539386.
2, 3, 7, 101, 439, 947
What are the prime factors of 1056284856?
2, 3, 11, 313, 4261
What are the prime factors of 123788196?
2, 3, 7, 163741
What are the prime factors of 2297363441?
23, 29, 3444323
List the prime factors of 1202563818.
2, 3, 263, 254027
What are the prime factors of 383542913?
13, 1783, 16547
What are the prime factors of 2372910543?
3, 181, 1456667
List the prime factors of 132884243.
2417, 54979
List the prime factors of 3885475215.
3, 5, 23, 61, 184627
List the prime factors of 25112761.
727, 34543
List the prime factors of 251232041.
19, 107, 191, 647
What are the prime factors of 39657273?
3, 241, 54851
What are the prime factors of 89764975?
5, 23, 107, 1459
List the prime factors of 2071739516.
2, 7, 11, 6726427